 remainder when 690 is divided by 27?
15
Calculate the remainder when 574 is divided by 20.
14
What is the remainder when 859 is divided by 31?
22
Calculate the remainder when 74 is divided by 37.
0
What is the remainder when 587 is divided by 34?
9
What is the remainder when 278 is divided by 56?
54
Calculate the remainder when 323 is divided by 18.
17
What is the remainder when 487 is divided by 35?
32
What is the remainder when 511 is divided by 4?
3
What is the remainder when 94 is divided by 29?
7
What is the remainder when 917 is divided by 180?
17
Calculate the remainder when 8329 is divided by 17.
16
What is the remainder when 186 is divided by 58?
12
Calculate the remainder when 41 is divided by 14.
13
Calculate the remainder when 127 is divided by 100.
27
Calculate the remainder when 135 is divided by 38.
21
What is the remainder when 661 is divided by 8?
5
Calculate the remainder when 527 is divided by 20.
7
What is the remainder when 129 is divided by 51?
27
What is the remainder when 86 is divided by 38?
10
Calculate the remainder when 1270 is divided by 161.
143
Calculate the remainder when 1034 is divided by 28.
26
What is the remainder when 91 is divided by 45?
1
Calculate the remainder when 345 is divided by 17.
5
What is the remainder when 41 is divided by 23?
18
Calculate the remainder when 313 is divided by 50.
13
Calculate the remainder when 669 is divided by 14.
11
Calculate the remainder when 356 is divided by 73.
64
What is the remainder when 50 is divided by 38?
12
Calculate the remainder when 551 is divided by 24.
23
Calculate the remainder when 198 is divided by 20.
18
What is the remainder when 35 is divided by 13?
9
Calculate the remainder when 390 is divided by 80.
70
Calculate the remainder when 31 is divided by 14.
3
What is the remainder when 184 is divided by 87?
10
What is the remainder when 5015 is divided by 168?
143
What is the remainder when 673 is divided by 11?
2
Calculate the remainder when 585 is divided by 40.
25
Calculate the remainder when 65 is divided by 22.
21
Calculate the remainder when 290 is divided by 88.
26
Calculate the remainder when 22 is divided by 16.
6
What is the remainder when 5351 is divided by 764?
3
Calculate the remainder when 93 is divided by 53.
40
Calculate the remainder when 175 is divided by 53.
16
What is the remainder when 390 is divided by 56?
54
What is the remainder when 58 is divided by 10?
8
What is the remainder when 2806 is divided by 9?
7
Calculate the remainder when 1673 is divided by 33.
23
Calculate the remainder when 776 is divided by 41.
38
What is the remainder when 169 is divided by 79?
11
Calculate the remainder when 260 is divided by 129.
2
What is the remainder when 2150 is divided by 2123?
27
Calculate the remainder when 3971 is divided by 1321.
8
Calculate the remainder when 230 is divided by 27.
14
What is the remainder when 670 is divided by 279?
112
Calculate the remainder when 7835 is divided by 2.
1
Calculate the remainder when 342 is divided by 4.
2
Calculate the remainder when 55 is divided by 7.
6
Calculate the remainder when 81 is divided by 18.
9
What is the remainder when 982 is divided by 58?
54
Calculate the remainder when 538 is divided by 74.
20
What is the remainder when 314 is divided by 47?
32
Calculate the remainder when 520 is divided by 58.
56
What is the remainder when 3904 is divided by 76?
28
What is the remainder when 150 is divided by 61?
28
Calculate the remainder when 435 is divided by 117.
84
What is the remainder when 92 is divided by 19?
16
Calculate the remainder when 1800 is divided by 180.
0
Calculate the remainder when 797 is divided by 57.
56
What is the remainder when 1667 is divided by 833?
1
Calculate the remainder when 1782 is divided by 26.
14
What is the remainder when 31 is divided by 9?
4
What is the remainder when 493 is divided by 59?
21
Calculate the remainder when 135 is divided by 124.
11
What is the remainder when 9277 is divided by 92?
77
What is the remainder when 701 is divided by 335?
31
What is the remainder when 346 is divided by 29?
27
Calculate the remainder when 109 is divided by 76.
33
What is the remainder when 322 is divided by 30?
22
What is the remainder when 523 is divided by 44?
39
Calculate the remainder when 220 is divided by 17.
16
Calculate the remainder when 436 is divided by 19.
18
What is the remainder when 5822 is divided by 724?
30
What is the remainder when 416 is divided by 157?
102
What is the remainder when 418 is divided by 52?
2
What is the remainder when 12429 is divided by 259?
256
What is the remainder when 97 is divided by 17?
12
What is the remainder when 1118 is divided by 316?
170
What is the remainder when 10081 is divided by 105?
1
What is the remainder when 1223 is divided by 426?
371
Calculate the remainder when 1648 is divided by 25.
23
Calculate the remainder when 129 is divided by 51.
27
Calculate the remainder when 113 is divided by 26.
9
Calculate the remainder when 154 is divided by 52.
50
Calculate the remainder when 636 is divided by 202.
30
What is the remainder when 76 is divided by 20?
16
What is the remainder when 78 is divided by 23?
9
Calculate the remainder when 408 is divided by 374.
34
Calculate the remainder when 718 is divided by 20.
18
Calculate the remainder when 117 is divided by 60.
57
Calculate the remainder when 9839 is divided by 13.
11
What is the remainder when 219 is divided by 217?
2
What is the remainder when 641 is divided by 47?
30
What is the remainder when 933 is divided by 45?
33
What is the remainder when 71 is divided by 36?
35
What is the remainder when 52 is divided by 28?
24
What is the remainder when 642 is divided by 129?
126
Calculate the remainder when 1534 is divided by 128.
126
What is the remainder when 3871 is divided by 22?
21
What is the remainder when 694 is divided by 137?
9
Calculate the remainder when 269 is divided by 132.
5
Calculate the remainder when 133 is divided by 48.
37
What is the remainder when 6075 is divided by 124?
123
Calculate the remainder when 5049 is divided by 460.
449
Calculate the remainder when 673 is divided by 144.
97
What is the remainder when 156 is divided by 16?
12
What is the remainder when 586 is divided by 21?
19
Calculate the remainder when 2237 is divided by 52.
1
What is the remainder when 525 is divided by 66?
63
What is the remainder when 325 is divided by 178?
147
Calculate the remainder when 80 is divided by 9.
8
Calculate the remainder when 345 is divided by 146.
53
Calculate the remainder when 2041 is divided by 37.
6
Calculate the remainder when 176 is divided by 89.
87
Calculate the remainder when 396 is divided by 57.
54
Calculate the remainder when 246 is divided by 83.
80
What is the remainder when 162 is divided by 41?
39
What is the remainder when 1038 is divided by 20?
18
What is the remainder when 188 is divided by 98?
90
Calculate the remainder when 331 is divided by 161.
9
What is the remainder when 10097 is divided by 198?
197
Calculate the remainder when 621 is divided by 19.
13
Calculate the remainder when 94 is divided by 18.
4
Calculate the remainder when 3789 is divided by 17.
15
What is the remainder when 129 is divided by 74?
55
What is the remainder when 127 is divided by 37?
16
What is the remainder when 216 is divided by 7?
6
Calculate the remainder when 1034 is divided by 45.
44
What is the remainder when 10 is divided by 10?
0
What is the remainder when 484 is divided by 12?
4
What is the remainder when 2121 is divided by 9?
6
What is the remainder when 398 is divided by 97?
10
Calculate the remainder when 96 is divided by 15.
6
What is the remainder when 23887 is divided by 23?
13
What is the remainder when 283 is divided by 19?
17
What is the remainder when 7820 is divided by 11?
10
What is the remainder when 557 is divided by 182?
11
Calculate the remainder when 1427 is divided by 5.
2
What is the remainder when 347 is divided by 118?
111
Calculate the remainder when 2019 is divided by 251.
11
What is the remainder when 29 is divided by 12?
5
Calculate the remainder when 1542 is divided by 27.
3
What is the remainder when 639 is divided by 59?
49
What is the remainder when 813 is divided by 34?
31
What is the remainder when 123 is divi